4?
-48c2
In base 13, what is 0 + -1855b5?
-1855b5
In base 5, what is -201 - -11320?
11114
In base 13, what is 349 + 64?
3b0
In base 5, what is -120 + 14424?
14304
In base 16, what is -7 - 87de?
-87e5
In base 4, what is -11 + -2320111?
-2320122
In base 7, what is 11253330 - 2?
11253325
In base 8, what is -410 + -34?
-444
In base 8, what is -6550 + -21?
-6571
In base 11, what is -10 + -255a?
-256a
In base 16, what is 1fe8 + 4?
1fec
In base 7, what is -255 - -1002?
414
In base 11, what is 6 + -aa52?
-aa47
In base 4, what is 112 + 1023?
1201
In base 6, what is -10545 - -434?
-10111
In base 9, what is -521003 - -1?
-521002
In base 16, what is -5f - 14?
-73
In base 3, what is -102001022 + -11?
-102001110
In base 7, what is -1262020 - 25?
-1262045
In base 10, what is -267 + -890?
-1157
In base 14, what is 2 + -58800?
-587dc
In base 16, what is 1689 + 6?
168f
In base 5, what is 32042144 + -3?
32042141
In base 15, what is -4 + -32c1?
-32c5
In base 3, what is -10000000111 - -22?
-10000000012
In base 3, what is -20111211 + 10100?
-20101111
In base 16, what is 4 + 93b78?
93b7c
In base 6, what is 1 + 243444?
243445
In base 13, what is 2 - -24278?
2427a
In base 7, what is -5 - -124016?
124011
In base 10, what is -22694 - 2?
-22696
In base 16, what is 107b - 1f?
105c
In base 9, what is 3 + -31114?
-31111
In base 6, what is 3104041 - -10?
3104051
In base 12, what is -5 - -4146a6?
4146a1
In base 15, what is -27650 - 2?
-27652
In base 15, what is 2b31 - 1?
2b30
In base 7, what is 2035244 - 2?
2035242
In base 8, what is -4562 - 12?
-4574
In base 3, what is 2122 + -2112?
10
In base 8, what is -330235 - -6?
-330227
In base 3, what is 2211112202011 + 0?
2211112202011
In base 13, what is 2 - 3981a?
-39818
In base 8, what is 117146 + 34?
117202
In base 9, what is -1 + 3782?
3781
In base 12, what is -7 + -1a87?
-1a92
In base 13, what is 9 - -2bb39?
2bb45
In base 4, what is -203101310 - -3?
-203101301
In base 7, what is -1323 + -1644?
-3300
In base 4, what is 1 - 211011320?
-211011313
In base 2, what is 11111111100011001 - -100?
11111111100011101
In base 3, what is 22102 + 11001111?
11100220
In base 10, what is -16 + -4413?
-4429
In base 13, what is -699a3c + 4?
-699a38
In base 10, what is -5603 - 70?
-5673
In base 16, what is 169 + -5?
164
In base 12, what is 3 + -281709?
-281706
In base 15, what is -20 + 404?
3d4
In base 13, what is -367 - -9?
-35b
In base 13, what is 4 - -bb686?
bb68a
In base 6, what is 5112 + -5?
5103
In base 10, what is 2 + 7978?
7980
In base 13, what is 10 + 20ca?
210a
In base 7, what is -5355 + -32?
-5420
In base 9, what is -11210 + -18?
-11228
In base 6, what is -3401223 - -3?
-3401220
In base 14, what is -30bd + -2b?
-310a
In base 14, what is -2 - -d3987?
d3985
In base 5, what is -4 - -10223400?
10223341
In base 11, what is -3a - -388?
349
In base 14, what is -8023 + -a?
-802d
In base 7, what is 4 + 56041?
56045
In base 15, what is -7729 + 1?
-7728
In base 5, what is -12042331 + 2?
-12042324
In base 14, what is -21528 + 2?
-21526
In base 10, what is -2 + -214292?
-214294
In base 5, what is -4 + -1021210?
-1021214
In base 11, what is 0 + 3367?
3367
In base 5, what is 120011 - -1044?
121110
In base 12, what is -1a + 7426?
7408
In base 11, what is 1104366 - -2?
1104368
In base 15, what is -7 + -1dd4?
-1ddb
In base 14, what is 5 + 26849?
26850
In base 5, what is -2441212 - 0?
-2441212
In base 2, what is -11 + 111111001000100?
111111001000001
In base 9, what is -254856 - 5?
-254862
In base 3, what is -112200 - -111011?
-1112
In base 7, what is -340 + 10515?
10145
In base 14, what is -4a8a - -2?
-4a88
In base 6, what is 213441 - -5?
213450
In base 2, what is 0 + 101001110011011110101?
101001110011011110101
In base 15, what is -42 + -26?
-68
In base 10, what is -376 + 798?
422
In base 10, what is -1 + -50432?
-50433
In base 11, what is -51 + -8630?
-8681
In base 13, what is 6b41 + -10?
6b31
In base 6, what is 5 - 143245?
-143240
In base 16, what is 11 + -97ae?
-979d
In base 7, what is -1 - -4034020?
4034016
In base 9, what is 22 - -11502?
11524
In base 5, what is 4 - 210433?
-210424
In base 2, what is 110100010000001 + -1001111?
110100000110010
In base 16, what is -b95c - 3?
-b95f
In base 10, what is -43697 - 88?
-43785
In base 6, what is 12550 - -34?
13024
In base 2, what is 111011000110 - 100?
111011000010
In base 7, what is -11315 - -21?
-11264
In base 6, what is -100125 + 3?
-100122
In base 2, what is -101110 - 11110011001?
-11111000111
In base 15, what is 1416 - 191?
1275
In base 6, what is -240245243 - -1?
-240245242
In base 5, what is -3 + 143101040?
143101032
In base 16, what is -a - 31e7?
-31f1
In base 13, what is -71 + 718?
677
In base 7, what is -12411063 + 5?
-12411055
In base 5, what is -101100 + 14?
-101031
In base 5, what is -22020 + -1230?
-23300
In base 5, what is 0 + 110143?
110143
In base 10, what is -2 - -246205?
246203
In base 14, what is 3 - -40514?
40517
In base 15, what is 1 + 7de8?
7de9
In base 12, what is 90 + -80?
10
In base 10, what is 639 + -24?
615
In base 7, what is 214 - 5104?
-4560
In base 2, what is -101 + 101111110?
101111001
In base 7, what is -34305 - 6?
-34314
In base 2, what is 11 - 100010100000011110000?
-100010100000011101101
In base 4, what is -11 - -30202310?
30202233
In base 10, what is -214186 - -17?
-214169
In base 10, what is 6 - 272149?
-272143
In base 15, what is -2b - -41b7?
418b
In base 5, what is -10032220 - 4?
-10032224
In base 16, what is 40e3 - 2?
40e1
In base 16, what is 1b34d - 7?
1b346
In base 14, what is -5 - 5c1a?
-5c21
In base 15, what is -3 - -51ee?
51eb
In base 12, what is -1482 + 6?
-1478
In base 4, what is 232303 - 1012?
231231
In base 8, what is 22 - 10572?
-10550
In base 12, what is 5462 + 27?
5489
In base 14, what is 105227 - 0?
105227
In base 3, what is 10102 + -101?
10001
In base 11, what is 284497 - -3?
28449a
In base 14, what is -2 + -4bb34?
-4bb36
In base 13, what is 163 + -580c?
-5679
In base 4, what is -130331001 + -1?
-130331002
In base 6, what is 13 - 21112?
-21055
In base 9, what is 85675 + 11?
85686
In base 13, what is 7c709 - 3?
7c706
In base 3, what is 10020120000 - 1?
10020112222
In base 6, what is 0 - -1251222?
1251222
In base 2, what is -1010100110 - -1?
-1010100101
In base 15, what is d979a - 3?
d9797
In base 8, what is 15145 - 607?
14336
In base 14, what is 180cb99 + 3?
180cb9c
In base 13, what is -144c4 - -8?
-144b9
In base 11, what is 18 - 41a09?
-419a1
In base 3, what is -11002 - -100111?
12102
In base 3, what is 21200112 + 1200?
21202012
In base 8, what is 10467 + -23?
10444
In base 2, what is 1 - -1111010010000?
1111010010001
In base 13, what is -3 - 721a0?
-721a3
In base 14, what is -75 - -46?
-2d
In base 11, what is -104 + -1536a?
-15473
In base 4, what is -2010113 - 2?
-2010121
In base 6, what is -4 - -233042?
233034
In base 3, what is 1 + -210112012?
-210112011
In base 6, what is -22320 - 110?
-22430
In base 5, what is -2 + 3231200?
3231143
In base 11, what is -186 - -674?
499
In base 7, what is 2255 - -161?
2446
In base 9, what is 6268 + -325?
5843
In base 8, what is -6 + -13243?
-13251
In base 3, what is 11100000012 - 10?
11100000002
In base 15, what is 2 + -1cc638?
-1cc636
In base 11, what is 4a522 - 0?
4a522
In base 2, what is 111111100111001 - 11?
111111100110110
In base 7, what is 2144 - -3405?
5552
In base 9, what is 7337 + 26?
7364
In base 12, what is -502b + -4?
-5033
In base 8, what is 256214 + 1?
256215
In base 9, what is -51 + -101?
-152
In base 6, what is 3 - -4513?
4520
In base 8, what is -5102 - -107?
-4773
In base 10, what is 65897 - -5?
65902
In base 2, what is -110110001111010 + 1?
-110110001111001
In base 4, what is -10 + -22110?
-22120
In base 11, what is 4032aa - 7?
4032a3
In base 14, what is 139c5 - -11?
139d6
In base 8, what is 4 + 36430?
36434
In base 4, what is -3303113221 + 11?
-3303113210
In base 14, what is c95 + -d?
c86
In base 15, what is -4319b - 7?
-431a3
In base 11, what is 4 + 4706?
470a
In base 5, what is 100314 - -41?
100410
In base 16, what is -8 + 324?
31c
In base 8, what is -7745 - -162?
-7563
In base 7, what is -5 - 126421?
-126426
In base 16, what is 5f + -1786?
-1727
In base 14, what is -39 - 1b6?
-211
In base 13, what is 344 - -402?
746
In base 8, what is -1567 + 6?
-1561
In base 13, what is -749 + -71?
-7ba
I